*s - k*y + 601, 3*y - 50 = -4*s + 763. What is the greatest common factor of s and 23?
23
Let u be 627/2*(143 - 135). What is the highest common factor of 308 and u?
44
Let z = 2838 - 2806. What is the highest common divisor of z and 3456?
32
Suppose 2*z - 30 = -v - 3*v, 2*v - 3*z = -5. Suppose -4*w = t - 355, 2*w + v*t = t + 160. What is the highest common factor of 10 and w?
10
Let h be (-325)/(-78) - (-25)/30. What is the greatest common factor of h and 545?
5
Let o be ((-104)/6)/((-30)/90). What is the highest common factor of 5408 and o?
52
Let a be ((-2254)/(-70))/(-5 - 528/(-105)). Calculate the highest common factor of 46 and a.
23
Suppose 21*c + 4 = 23*c. Let u be (c + -3)*(1 + (-71)/1). Let t = u - 53. Calculate the highest common divisor of t and 119.
17
Suppose 10*s + 49 = 1249. Let z(m) = 4*m**2 + m + 1. Suppose h - x + 6 = -3*h, 2*x + 6 = -h. Let i be z(h). Calculate the greatest common factor of i and s.
15
Suppose -3*r = -8*r + 190. Let y = r + -40. Let s be 231/(-6)*(-2)/y*-2. Calculate the highest common factor of s and 11.
11
Let o(y) = 2*y**3 - 16*y**2 + 73*y + 13. Let q be o(5). Calculate the highest common divisor of q and 3078.
114
Let v(y) = 30*y**2 - 57*y + 246. Let s be v(4). What is the greatest common factor of s and 9?
3
Suppose -2*z = -3*k - 27, -5*k = -k + 4. Let n be (45/(-30))/((-6)/4). Let u be n - 0 - (-131 + 0). What is the highest common factor of z and u?
12
Suppose 12*r - 41 = 55. Let a be 2 + r*2/48*3. Calculate the greatest common factor of 21 and a.
3
Suppose 0 = 14*j + 9*j - 1265. Let s be (-1 - (33 - 1))*-3. What is the highest common factor of j and s?
11
Let a be 2*((-3)/(-6) - (-8 - 44)). Suppose -19*v = -14*v + 3*b - 32, 16 = 3*v + 5*b. What is the highest common divisor of a and v?
7
Let g be 435/10 + (-1)/2. Suppose 4*a + g = 2*j + 13, a + j + 9 = 0. Let t be (-66)/a*(-14)/21*-4. What is the highest common factor of 176 and t?
22
Let q = 10202 + -6016. Calculate the highest common factor of 42 and q.
14
Let z = -192 + 197. Suppose z*y - 581 = 769. What is the greatest common factor of y and 108?
54
Suppose 0 = 3*f - 38*h + 43*h - 61, 3*f - 4*h - 16 = 0. What is the greatest common factor of 12 and f?
12
Let t be (-60)/80 - 1655/(-4). Suppose 61*d - 58*d - 42 = 0. Calculate the highest common divisor of t and d.
7
Let o be (-23)/(3381/(-63)) + (-75034)/(-14). What is the highest common divisor of 48 and o?
16
Let s(j) = 20*j**2 - 86*j - 18. Let v be s(5). What is the greatest common divisor of 234 and v?
26
Let p(n) = 25*n + 231. Let a be p(3). What is the highest common divisor of a and 90?
18
Suppose -16*r = 31*r - 119098. Suppose 249 + r = 23*c. Suppose 2*k - 14 = 8. What is the greatest common factor of k and c?
11
Let k(x) = 16*x + 57. Let s be k(-2). Suppose 0 = -d - m + s, 4*m + 46 = 5*d - 70. Calculate the highest common factor of 72 and d.
24
Suppose -7056 = -8*s - 55*s + 9072. Calculate the greatest common divisor of s and 72.
8
Suppose 45*s = 41*s + 4*n + 2268, 0 = 3*s - 5*n - 1701. What is the highest common divisor of s and 6993?
189
Let b(k) = -54*k - 106. Let l(p) = 18*p + 36. Let n(r) = 3*b(r) + 10*l(r). Let c be n(-10). Let q = 228 + c. Calculate the highest common divisor of q and 30.
30
Let d(m) = -m**2 + 180*m - 2233. Let x be d(14). Calculate the highest common factor of x and 143.
13
Suppose 4*c = 4*l + 364, 4*c + 5*l - 356 = l. Suppose 76*f - 33*f + 117 = 3213. Calculate the greatest common factor of f and c.
18
Let c(f) = 7*f**2 - 36*f + 389. Let t be c(22). Calculate the highest common factor of 15 and t.
15
Let b = 2591 - 2561. What is the greatest common factor of b and 13470?
30
Suppose 755 = j + 275. Let x = 488 - j. What is the greatest common divisor of 40 and x?
8
Let q be 860412/105 - (-4)/(-60)*6. What is the greatest common factor of q and 34?
34
Let y(g) = 2*g**2 + 72*g - 70. Let x be y(-37). Let z be 2 + x - 12 - -78. What is the highest common divisor of z and 40?
8
Let r = -26 + 27. Let q be -4 + r + 38/2. Suppose -q = -4*z, 667 = 5*p + 3*z - 445. Calculate the greatest common factor of p and 20.
20
Let s(g) = -6*g - 66. Let l be s(20). Let k be 5*3*l/(-90). Calculate the greatest common factor of 279 and k.
31
Let c(o) = -3*o**3 + 13*o**2 + 86*o + 35. Let q be c(-8). Calculate the greatest common divisor of 40 and q.
5
Let n(c) = 209*c + 1316. Let v be n(-6). Calculate the greatest common divisor of v and 94.
2
Suppose 330 = 5*h - 2*h. Suppose -95*r + 85*r = -30. Suppose 2*k = -3*d + 74, -k + 61 = r*d - 9. Calculate the highest common factor of h and d.
22
Let y be (-5 - -10)/((-10)/10). Let j(a) = -2*a**3 - 2*a**2 - 20*a - 96. Let s be j(y). What is the greatest common factor of s and 6?
6
Let t(l) = -7*l**2 - 343*l + 82. Let q be t(-49). Calculate the greatest common factor of q and 2952.
82
Suppose 4*f = h - 4 - 17, -5*h - 3*f = 10. Let r(v) = -36*v**3 - v**2. Let s be r(h). Let z = s + 356. What is the greatest common factor of z and 29?
29
Let p be 658230/(-1443) + (-3)/((-78)/4). Let q = -72 - p. Calculate the greatest common factor of q and 12.
12
Let h be ((-8)/(-12))/((-1)/(-3)). Let j(o) = o**2 - 57*o + 177. Let a be j(54). Suppose -h*m + a = 3. Calculate the greatest common factor of m and 42.
6
Let c = -29 - -53. Calculate the greatest common divisor of 162 and c.
6
Let b = 414 - 1330. Let c = b - -932. What is the greatest common divisor of 128 and c?
16
Let s = -154 - -102. Let i = s - -61. Let k be 6/21 - (-38)/14. What is the highest common divisor of k and i?
3
Let r = 580 - 574. Suppose 6*w + 480 = 11*w. What is the greatest common factor of r and w?
6
Suppose -27*u = 3*r - 25*u + 3, 12 = -4*u. Let z be (-4)/(-20)*5*r. Calculate the greatest common factor of z and 13.
1
Let j be (57 - 0)*(-3)/(-13 + 10). What is the greatest common factor of j and 1216?
19
Suppose 15*r - 3357 = -1600 + 2023. Calculate the greatest common divisor of 666 and r.
18
Let p be 2/3 + (-34)/(-3). Suppose 68 = 4*j - 4*g, 3*j + 4*g - 114 = -56. Suppose 0 = -j*l + p*l + 150. What is the greatest common factor of l and 275?
25
Let p be (-35 + 38)/(409/102 - 4). What is the greatest common divisor of 1088 and p?
34
Suppose -2*l - 3*p + 46 = 0, -7*l - 5*p = -2*l - 115. Let m = l + -18. Let d be 6/m*(-255)/(-17). What is the greatest common divisor of 6 and d?
6
Let j = 763 + -332. Suppose -a + 3*a = 6, -4*s = 5*a - j. Suppose 44 = 4*x + 4*g, -5*x - g - 3 = -66. Calculate the highest common factor of s and x.
13
Let y = 6362 - 5270. Calculate the highest common divisor of 78 and y.
78
Let y be ((-54)/(-21))/(44/693)*46. What is the greatest common divisor of 81 and y?
81
Let r be (15/(-5)*3/12)/(10/(-240)). What is the highest common factor of 384 and r?
6
Suppose -4*n = -3*b - 17, 2*n - 2*b = 2 + 6. Suppose 4 = i - n*i, -2*i + 46 = 4*l. Let d = 110 + -62. What is the greatest common divisor of d and l?
12
Suppose 2*g + 3*i + 2*i + 10 = 0, 3*i + 6 = 4*g. Suppose 16*h - 21*h - 15 = g, -b + 36 = 3*h. Calculate the greatest common factor of 405 and b.
45
Suppose 10*i = 15*i - 3*w - 98, w = -i + 10. What is the highest common factor of 3968 and i?
16
Let f = -39922 + 40012. What is the highest common factor of 585 and f?
45
Suppose -4*f + x = -1324, -2*f + 801 = 4*x + 157. What is the highest common factor of 170 and f?
10
Suppose 214 = -4*j + 262. Let x(g) = 3*g + 4. Let n be x(j). Let b be -2 + 18/2 - 2. Calculate the highest common factor of b and n.
5
Let l = 1191 - 931. Calculate the highest common divisor of 325 and l.
65
Suppose 113 = 5*d - 5*g - 32, g = 5*d - 137. Let o = -129 - -59. Let z = o - -97. Calculate the highest common factor of z and d.
27
Suppose 626*m - 631*m + 31316 = -b, 3*m - 18788 = b. What is the greatest common factor of 928 and m?
232
Suppose -21*y + 14 = -19*y. Suppose -y*d - 57 = -8*d. What is the highest common factor of 76 and d?
19
Let v be 5*(-44)/(-33)*(-72)/(-20). Suppose -399 = -4*k - 63. What is the greatest common divisor of v and k?
12
Let b = 29638 + -29615. What is the greatest common factor of b and 19711?
23
Let f(z) = -z**3 + 22*z**2 - 18*z - 34. Suppose 11*q = 13*q - 42. Let x be f(q). What is the greatest common divisor of x and 116?
29
Let a(u) = -u**3 + 32*u**2 - 8*u - 9. Let o be a(8). Calculate the highest common facto